k) = k + 611. What are the prime factors of t(-17)?
2, 3, 11
Let n(x) = 61*x + 19 - 58 - 67*x. Let h be n(-7). List the prime factors of h*(-28)/(-12) + -3.
2
Let c be (12 - 27)*7/(-5). Suppose -k + 137 - 35 = 0. Let v = k - c. What are the prime factors of v?
3
Suppose o - 3*i + 290 - 817 = 0, 3*o + 3*i - 1545 = 0. Let g = 897 - o. List the prime factors of g.
379
Let j be (-129)/(-6) + 2/(-4). Suppose 16*u = 8*u + 16. Suppose -u*z + j = 3. List the prime factors of z.
3
Let z = 390 + -440. List the prime factors of 2/10 - 60/z*689.
827
Suppose -5*p - 8*p + 160151 = -33211. What are the prime factors of p?
2, 3, 37, 67
Suppose 0 = 8*v - 5*v - 3. Let t be 5 - -615 - (v + 0). Suppose -171 + t = 4*d. What are the prime factors of d?
2, 7
Suppose 4*v - 550 = -5*r, 2*r - 246 + 28 = -2*v. List the prime factors of r + (44/220)/((-2)/(-10)).
5, 23
Suppose -4*r = 5*u - 308, -3*u - 7*r = -2*r - 190. Suppose 5*w - 176 + 41 = -5*k, 2*w = -4*k + u. Let s = 28 - w. List the prime factors of s.
2
Let i(o) = 32*o**3 + 6*o**2 + 2*o. Let q(n) = n**3 - n**2. Let g(r) = -i(r) - 8*q(r). Let m be g(1). Let a = 0 - m. List the prime factors of a.
2, 5
Suppose -48*q = 125*q - 8721968. What are the prime factors of q?
2, 23, 137
Suppose 0 = 4*k + 2*t - 66, 0 = 5*k + 2*t - 16 - 67. List the prime factors of ((-663)/5 - 1)/(k/(-85)).
2, 167
What are the prime factors of (-4)/(20/35) + 7034?
7027
Let t be -7 - -1 - (-2 + 17)*-1. What are the prime factors of (54/15)/(t/150)?
2, 3, 5
Suppose 10*d - 311 = 1749. Let b = d + 219. What are the prime factors of b?
5, 17
Let a = 2861 + 4726. List the prime factors of a.
3, 281
Suppose 404 = 3*k + g, -5*k = -7*g + 3*g - 679. Let n(z) = 2*z. Let u be n(1). Suppose 0 = u*c + 4*w - 3*w - k, -w = -c + 75. List the prime factors of c.
2, 5, 7
Suppose 211 = 6*t - 17. Let b = -127 - -113. Let o = b + t. List the prime factors of o.
2, 3
Suppose -2*v - 35 = -327. Suppose -63*m - 23*m = 5590. Let z = v + m. What are the prime factors of z?
3
Let i(x) be the third derivative of -x**4/12 + 8*x**3 - 27*x**2. Let j be i(0). Suppose -8*c + j + 896 = 0. What are the prime factors of c?
2, 59
Suppose 0*w - 3*w = 4*z + 187, -5*w + z - 327 = 0. Let k(f) = 3*f + 18. Let s be k(-36). Let u = w - s. List the prime factors of u.
5
Suppose g = -3, -14*c - 2*g + 320226 = -10*c. What are the prime factors of c?
2, 3, 11, 1213
Suppose -4*y - s - 1495 + 44137 = 0, -y = 2*s - 10657. What are the prime factors of y?
7, 1523
Let d = -50340 + 72630. What are the prime factors of d?
2, 3, 5, 743
Suppose -84*a = -81*a - 81. Let y = 37 - a. Suppose y*g - 2*g = 536. What are the prime factors of g?
67
Let l = -513 - -11106. What are the prime factors of l?
3, 11, 107
Let d(u) = u**3 - 5*u**2 + 2*u - 7. Let q be d(5). Suppose 10*x - 1715 = q*x. List the prime factors of x.
5, 7
Let c be 515 + 28/35*(1 - 6). Suppose c = 4*i - 165. List the prime factors of i.
13
Suppose g = -4*i + 114712, -3*i = -g - 56108 - 29940. List the prime factors of i.
2, 3, 5, 239
Suppose -34*u + 259525 = 9*u - 129066. List the prime factors of u.
7, 1291
Let w be (-1)/(-3*4/48). Suppose -5*h = 2*u - 31 + 6, w*u - 10 = -2*h. Suppose 2*m + 73 - 265 = u. What are the prime factors of m?
2, 3
Let u(a) = a**2 + 22*a + 72. Let f be u(-18). Suppose -6*b + 363 + 2163 = f. What are the prime factors of b?
421
Let v(d) be the first derivative of d**3/3 + d**2/2 - 27*d - 30. Let p be v(19). Suppose -5*r = -2*b + p, -3*b + 3*r + 596 = 89. List the prime factors of b.
2, 41
Suppose -2*g + 27018 + 198806 = 4*d, d = -5*g + 56492. What are the prime factors of d?
2, 11, 1283
Let g be (6/4)/((-1)/(-6)). Suppose -2094 = -g*q + 1506. Let x = q + -274. List the prime factors of x.
2, 3, 7
Suppose 14*p - 51999 = 51214 - 24841. What are the prime factors of p?
2, 3, 311
Let r(z) = z**3 + 10*z**2 + 10*z + 36. Let w be r(-9). Let t = -31 + w. Let f(b) = -15*b + 24. List the prime factors of f(t).
2, 3, 7
Let h be (10/(-45) - 26/(-36))*-92. Let z = 41 + h. List the prime factors of (z - (5 + 206))/(-1).
2, 3
Let a = 53361 - 8444. List the prime factors of a.
44917
Let w(i) = -3*i**2 + 48*i + 9. Let t be w(15). Suppose -2*k - b + 9 = 0, -t = -5*k + 2*b - 9. Suppose 2*z + 35 = k*z. What are the prime factors of z?
7
Suppose -3*y - 4*i + 24427 = 0, -16290 = -2*y - 21*i + 17*i. List the prime factors of y.
79, 103
Let q be (6 + 0)/((-354)/372 - -1). Suppose 4*z + 7*f + q = 2*f, 93 = -3*z + 3*f. Let g = z - -39. List the prime factors of g.
2
Suppose 72430*a - 1181040 = 72400*a. What are the prime factors of a?
2, 7, 19, 37
Let f(a) be the second derivative of a**5/10 + a**4/12 - a**3/6 + 7*a**2 + 27*a + 2. List the prime factors of f(5).
2, 71
Suppose 0 = 60*u - 64*u - 2*g + 11276, 5632 = 2*u - 2*g. List the prime factors of u.
2, 1409
Suppose -131*c = -80*c - 407337. List the prime factors of c.
7, 163
Suppose 6*o + 133*o - 1351176 = 2951708. What are the prime factors of o?
2, 71, 109
Suppose -68*h + 350926 = -1703014. What are the prime factors of h?
5, 7, 863
Suppose 16*y + 32 = -0. What are the prime factors of (5 - 4)/((2/(-163))/y)?
163
Let k be (20/16 + 1)/(6/352). Suppose -5*c = 92 - k. Let g(w) = w**2 - 3*w + 3. What are the prime factors of g(c)?
43
Suppose 8*p + 4*p = 18*p - 21018. List the prime factors of p.
31, 113
Let q(g) = g**3 - 11*g**2 + 12*g. Let c be q(10). Suppose c*b = 4*b - 16. Let a(z) = 144*z**2 - 5*z - 4. What are the prime factors of a(b)?
5, 29
Suppose 0 = -s + 8*s - 35. Suppose -4*h + s*x = -1762, h = 5*h + 3*x - 1746. What are the prime factors of h?
2, 3, 73
Let v(m) = m + 14 - 16 - 2*m + 0*m. Let i be v(8). What are the prime factors of (-1052)/i - (-8)/(-40)?
3, 5, 7
Suppose 134224 + 128896 = 23*z. List the prime factors of z.
2, 5, 11, 13
Let y(p) = -p**3 + 9*p**2 + 55*p - 3. Let k be y(13). Suppose -17745 - 17211 = -k*i. What are the prime factors of i?
971
Suppose 9*u + 97328 = 13*u + 2*z, u + 5*z = 24341. List the prime factors of u.
29, 839
Let r = -88 - 757. Let j = r + 1189. List the prime factors of j.
2, 43
Let y(p) be the first derivative of 382*p**3/3 - p**2/2 - 3*p - 46. Let g be y(-1). Let i = g - 96. What are the prime factors of i?
2, 71
Let n = 623 - 254. Suppose 4*a - 4*x = 1848, 5*a - 2672 + n = -2*x. What are the prime factors of a?
461
Let o(z) = 7*z**2 - 7*z - 1. Let y be (0 - -3) + (-3)/(3/11). What are the prime factors of o(y)?
503
Suppose -21 - 4 = -5*r. Suppose -r*w = 4*j - 33, -10 = 5*j - 7*w + 3*w. Let o(u) = 14*u**3 - 2*u**2 + 3*u - 4. List the prime factors of o(j).
2, 53
Let g be (-5)/(-15) - (-200)/(-6). Let b = g - -44. Suppose b - 75 = -u. What are the prime factors of u?
2
Let o(y) = -y**2 - 6*y + 33. Let f be o(-9). What are the prime factors of (0 + 982)*2*3/f?
2, 491
Let y be 14735/15 - (-3)/(-9). Suppose -9 = -7*d - y. Let n = d - -364. What are the prime factors of n?
3, 5
What are the prime factors of (-730)/(-511) + 49235/7?
3, 5, 7, 67
Suppose -2*h - 33*h + 41*h - 353922 = 0. List the prime factors of h.
61, 967
Let s be 14/4*(-3 - -2)*-2. Let q(v) = -v**2 + 6*v + 7. Let o be q(s). Let p = 46 - o. What are the prime factors of p?
2, 23
Let c(z) = z + 7 - 83*z**2 - 4 + 94*z**2. Suppose 0*n + 4*n = -8. What are the prime factors of c(n)?
3, 5
Let x = -920 - -1514. Let s = x - -200. List the prime factors of s.
2, 397
Suppose 5*u = -p + 5 + 7, 5*u = 5*p. Suppose 3*k + p*n + 1 = 0, 3*k + 4*n = -10 - 1. Suppose 178 + 77 = k*l. List the prime factors of l.
5, 17
Let t be 32/(-48) - 16/(-6). What are the prime factors of (-33267)/(-78) + (-1)/t?
2, 3, 71
Let x(h) = 2*h**3 - 203*h + 58874. List the prime factors of x(0).
2, 29437
Let w(i) = -473*i - 998. List the prime factors of w(-4).
2, 3, 149
Let c(t) = 10*t**2 + 14*t - 5. List the prime factors of c(-53).
37, 739
Let a = -220 + 210. List the prime factors of a*4/8 - (-528 + -1).
2, 131
Let k(b) be the second derivative of 19*b**4 - 7*b**3/6 - 5*b**2/2 - 11*b + 3. List the prime factors of k(-1).
2, 5, 23
Let y(l) = l**3 + 3*l**2 - 3*l - 5. Let q be y(4). Let h be (-12)/(-51) - (-152)/(-646). Suppose h = 2*a - q - 3. What are the prime factors of a?
7
Suppose 0 = j + 3*w, 2 + 30 = 4*j + 4*w. Let f be ((-2)/1 - -5)/((-4)/j). List the prime factors of (-183)/f - 3/27*3.
2, 5
Suppose -11110